{"id":173,"date":"2018-11-10T13:47:38","date_gmt":"2018-11-10T12:47:38","guid":{"rendered":"http:\/\/www.tg-schoemberg.de\/fussball\/wptg\/?page_id=173"},"modified":"2024-03-26T19:39:28","modified_gmt":"2024-03-26T18:39:28","slug":"e-junioren","status":"publish","type":"page","link":"http:\/\/www.tg-schoemberg.de\/fussball\/jugend\/e-junioren\/","title":{"rendered":"U11\/U10 E-Junioren"},"content":{"rendered":"\r\n<p><strong>U11\/U10 E-Jugend<\/strong><\/p>\r\n<p><strong>Hei\u00df aufs kicken<\/strong><\/p>\r\n<p>Bei den E-Junioren sind wir in der SGM so stark aufgestellt, dass wir hier zwei Mannschaften stellen k\u00f6nnen. Eine Mannschaft mit Spielern aus Dotternhausen und eine Mannschaft mit Spielern aus Sch\u00f6mberg. Unsere Jungs und M\u00e4dels brennen schon darauf, endlich loslegen zu k\u00f6nnen. Hier ist viel Potential und l\u00e4sst uns auf eine tolle Zukunft hoffen.<\/p>\r\n<p><img decoding=\"async\" loading=\"lazy\" class=\"alignnone size-full wp-image-807\" src=\"http:\/\/www.tg-schoemberg.de\/fussball\/wptg\/wp-content\/uploads\/2024\/03\/E-Jugend-I-scaled.jpg\" alt=\"\" width=\"2560\" height=\"1704\" srcset=\"http:\/\/www.tg-schoemberg.de\/fussball\/wptg\/wp-content\/uploads\/2024\/03\/E-Jugend-I-scaled.jpg 2560w, http:\/\/www.tg-schoemberg.de\/fussball\/wptg\/wp-content\/uploads\/2024\/03\/E-Jugend-I-300x200.jpg 300w, http:\/\/www.tg-schoemberg.de\/fussball\/wptg\/wp-content\/uploads\/2024\/03\/E-Jugend-I-1024x682.jpg 1024w, http:\/\/www.tg-schoemberg.de\/fussball\/wptg\/wp-content\/uploads\/2024\/03\/E-Jugend-I-768x511.jpg 768w, http:\/\/www.tg-schoemberg.de\/fussball\/wptg\/wp-content\/uploads\/2024\/03\/E-Jugend-I-1536x1022.jpg 1536w, http:\/\/www.tg-schoemberg.de\/fussball\/wptg\/wp-content\/uploads\/2024\/03\/E-Jugend-I-2048x1363.jpg 2048w, http:\/\/www.tg-schoemberg.de\/fussball\/wptg\/wp-content\/uploads\/2024\/03\/E-Jugend-I-600x400.jpg 600w\" sizes=\"(max-width: 2560px) 100vw, 2560px\" \/><\/p>\r\n<p>Hintere Reihe von links:<\/p>\r\n<p>Mike Bechtold, Simon Conzelmann, Elias Groschupf, Joah Schmid, Simon Rohrmoser, Paul Schwenk, Ferdinand Effinger, Leon Koch, Trainer Markus Schwenk<\/p>\r\n<p>Vordere Reihe von links:<\/p>\r\n<p>Serafin Zweigart, Lino Koch, Max Neher, Nikolaos Kafetzis, Utku Saydam, Gabriel Zimbelmann, Umutcan Aytac, Edwin Bozic, Giray \u00d6zkan<\/p>\r\n","protected":false},"excerpt":{"rendered":"<p>U11\/U10 E-Jugend Hei\u00df aufs kicken Bei den E-Junioren sind wir in der SGM so stark aufgestellt, dass wir hier zwei Mannschaften stellen k\u00f6nnen. Eine Mannschaft mit Spielern aus Dotternhausen und eine Mannschaft mit Spielern aus Sch\u00f6mberg. Unsere Jungs und M\u00e4dels brennen schon darauf, endlich loslegen zu k\u00f6nnen. Hier ist viel Potential und l\u00e4sst uns auf eine tolle Zukunft hoffen. Hintere Reihe von links: Mike Bechtold, Simon Conzelmann, Elias Groschupf, Joah Schmid, Simon Rohrmoser, Paul Schwenk, Ferdinand Effinger, Leon Koch, Trainer&hellip;<\/p>\n","protected":false},"author":2,"featured_media":0,"parent":88,"menu_order":5,"comment_status":"closed","ping_status":"closed","template":"","meta":[],"yoast_head":"<!-- This site is optimized with the Yoast SEO plugin v21.8.1 - https:\/\/yoast.com\/wordpress\/plugins\/seo\/ -->\n<title>U11\/U10 E-Junioren - TG Sch\u00f6mberg Abt. Fussball<\/title>\n<meta name=\"robots\" content=\"index, follow, max-snippet:-1, max-image-preview:large, max-video-preview:-1\" \/>\n<link rel=\"canonical\" href=\"http:\/\/www.tg-schoemberg.de\/fussball\/jugend\/e-junioren\/\" \/>\n<meta property=\"og:locale\" content=\"de_DE\" \/>\n<meta property=\"og:type\" content=\"article\" \/>\n<meta property=\"og:title\" content=\"U11\/U10 E-Junioren - TG Sch\u00f6mberg Abt. Fussball\" \/>\n<meta property=\"og:description\" content=\"U11\/U10 E-Jugend Hei\u00df aufs kicken Bei den E-Junioren sind wir in der SGM so stark aufgestellt, dass wir hier zwei Mannschaften stellen k\u00f6nnen. Eine Mannschaft mit Spielern aus Dotternhausen und eine Mannschaft mit Spielern aus Sch\u00f6mberg. Unsere Jungs und M\u00e4dels brennen schon darauf, endlich loslegen zu k\u00f6nnen. Hier ist viel Potential und l\u00e4sst uns auf eine tolle Zukunft hoffen. Hintere Reihe von links: Mike Bechtold, Simon Conzelmann, Elias Groschupf, Joah Schmid, Simon Rohrmoser, Paul Schwenk, Ferdinand Effinger, Leon Koch, Trainer&hellip;\" \/>\n<meta property=\"og:url\" content=\"http:\/\/www.tg-schoemberg.de\/fussball\/jugend\/e-junioren\/\" \/>\n<meta property=\"og:site_name\" content=\"TG Sch\u00f6mberg Abt. Fussball\" \/>\n<meta property=\"article:modified_time\" content=\"2024-03-26T18:39:28+00:00\" \/>\n<meta property=\"og:image\" content=\"http:\/\/www.tg-schoemberg.de\/fussball\/wptg\/wp-content\/uploads\/2024\/03\/E-Jugend-I-scaled.jpg\" \/>\n<meta name=\"twitter:card\" content=\"summary_large_image\" \/>\n<meta name=\"twitter:label1\" content=\"Gesch\u00e4tzte Lesezeit\" \/>\n\t<meta name=\"twitter:data1\" content=\"1\u00a0Minute\" \/>\n<script type=\"application\/ld+json\" class=\"yoast-schema-graph\">{\"@context\":\"https:\/\/schema.org\",\"@graph\":[{\"@type\":\"WebPage\",\"@id\":\"http:\/\/www.tg-schoemberg.de\/fussball\/jugend\/e-junioren\/\",\"url\":\"http:\/\/www.tg-schoemberg.de\/fussball\/jugend\/e-junioren\/\",\"name\":\"U11\/U10 E-Junioren - TG Sch\u00f6mberg Abt. Fussball\",\"isPartOf\":{\"@id\":\"http:\/\/www.tg-schoemberg.de\/fussball\/#website\"},\"datePublished\":\"2018-11-10T12:47:38+00:00\",\"dateModified\":\"2024-03-26T18:39:28+00:00\",\"breadcrumb\":{\"@id\":\"http:\/\/www.tg-schoemberg.de\/fussball\/jugend\/e-junioren\/#breadcrumb\"},\"inLanguage\":\"de\",\"potentialAction\":[{\"@type\":\"ReadAction\",\"target\":[\"http:\/\/www.tg-schoemberg.de\/fussball\/jugend\/e-junioren\/\"]}]},{\"@type\":\"BreadcrumbList\",\"@id\":\"http:\/\/www.tg-schoemberg.de\/fussball\/jugend\/e-junioren\/#breadcrumb\",\"itemListElement\":[{\"@type\":\"ListItem\",\"position\":1,\"name\":\"Startseite\",\"item\":\"http:\/\/www.tg-schoemberg.de\/fussball\/\"},{\"@type\":\"ListItem\",\"position\":2,\"name\":\"Jugend\",\"item\":\"http:\/\/www.tg-schoemberg.de\/fussball\/jugend\/\"},{\"@type\":\"ListItem\",\"position\":3,\"name\":\"U11\/U10 E-Junioren\"}]},{\"@type\":\"WebSite\",\"@id\":\"http:\/\/www.tg-schoemberg.de\/fussball\/#website\",\"url\":\"http:\/\/www.tg-schoemberg.de\/fussball\/\",\"name\":\"TG Sch\u00f6mberg Abt. Fussball\",\"description\":\"\",\"potentialAction\":[{\"@type\":\"SearchAction\",\"target\":{\"@type\":\"EntryPoint\",\"urlTemplate\":\"http:\/\/www.tg-schoemberg.de\/fussball\/?s={search_term_string}\"},\"query-input\":\"required name=search_term_string\"}],\"inLanguage\":\"de\"}]}<\/script>\n<!-- \/ Yoast SEO plugin. -->","yoast_head_json":{"title":"U11\/U10 E-Junioren - TG Sch\u00f6mberg Abt. Fussball","robots":{"index":"index","follow":"follow","max-snippet":"max-snippet:-1","max-image-preview":"max-image-preview:large","max-video-preview":"max-video-preview:-1"},"canonical":"http:\/\/www.tg-schoemberg.de\/fussball\/jugend\/e-junioren\/","og_locale":"de_DE","og_type":"article","og_title":"U11\/U10 E-Junioren - TG Sch\u00f6mberg Abt. Fussball","og_description":"U11\/U10 E-Jugend Hei\u00df aufs kicken Bei den E-Junioren sind wir in der SGM so stark aufgestellt, dass wir hier zwei Mannschaften stellen k\u00f6nnen. Eine Mannschaft mit Spielern aus Dotternhausen und eine Mannschaft mit Spielern aus Sch\u00f6mberg. Unsere Jungs und M\u00e4dels brennen schon darauf, endlich loslegen zu k\u00f6nnen. Hier ist viel Potential und l\u00e4sst uns auf eine tolle Zukunft hoffen. Hintere Reihe von links: Mike Bechtold, Simon Conzelmann, Elias Groschupf, Joah Schmid, Simon Rohrmoser, Paul Schwenk, Ferdinand Effinger, Leon Koch, Trainer&hellip;","og_url":"http:\/\/www.tg-schoemberg.de\/fussball\/jugend\/e-junioren\/","og_site_name":"TG Sch\u00f6mberg Abt. Fussball","article_modified_time":"2024-03-26T18:39:28+00:00","og_image":[{"url":"http:\/\/www.tg-schoemberg.de\/fussball\/wptg\/wp-content\/uploads\/2024\/03\/E-Jugend-I-scaled.jpg"}],"twitter_card":"summary_large_image","twitter_misc":{"Gesch\u00e4tzte Lesezeit":"1\u00a0Minute"},"schema":{"@context":"https:\/\/schema.org","@graph":[{"@type":"WebPage","@id":"http:\/\/www.tg-schoemberg.de\/fussball\/jugend\/e-junioren\/","url":"http:\/\/www.tg-schoemberg.de\/fussball\/jugend\/e-junioren\/","name":"U11\/U10 E-Junioren - TG Sch\u00f6mberg Abt. Fussball","isPartOf":{"@id":"http:\/\/www.tg-schoemberg.de\/fussball\/#website"},"datePublished":"2018-11-10T12:47:38+00:00","dateModified":"2024-03-26T18:39:28+00:00","breadcrumb":{"@id":"http:\/\/www.tg-schoemberg.de\/fussball\/jugend\/e-junioren\/#breadcrumb"},"inLanguage":"de","potentialAction":[{"@type":"ReadAction","target":["http:\/\/www.tg-schoemberg.de\/fussball\/jugend\/e-junioren\/"]}]},{"@type":"BreadcrumbList","@id":"http:\/\/www.tg-schoemberg.de\/fussball\/jugend\/e-junioren\/#breadcrumb","itemListElement":[{"@type":"ListItem","position":1,"name":"Startseite","item":"http:\/\/www.tg-schoemberg.de\/fussball\/"},{"@type":"ListItem","position":2,"name":"Jugend","item":"http:\/\/www.tg-schoemberg.de\/fussball\/jugend\/"},{"@type":"ListItem","position":3,"name":"U11\/U10 E-Junioren"}]},{"@type":"WebSite","@id":"http:\/\/www.tg-schoemberg.de\/fussball\/#website","url":"http:\/\/www.tg-schoemberg.de\/fussball\/","name":"TG Sch\u00f6mberg Abt. Fussball","description":"","potentialAction":[{"@type":"SearchAction","target":{"@type":"EntryPoint","urlTemplate":"http:\/\/www.tg-schoemberg.de\/fussball\/?s={search_term_string}"},"query-input":"required name=search_term_string"}],"inLanguage":"de"}]}},"_links":{"self":[{"href":"http:\/\/www.tg-schoemberg.de\/fussball\/wp-json\/wp\/v2\/pages\/173"}],"collection":[{"href":"http:\/\/www.tg-schoemberg.de\/fussball\/wp-json\/wp\/v2\/pages"}],"about":[{"href":"http:\/\/www.tg-schoemberg.de\/fussball\/wp-json\/wp\/v2\/types\/page"}],"author":[{"embeddable":true,"href":"http:\/\/www.tg-schoemberg.de\/fussball\/wp-json\/wp\/v2\/users\/2"}],"replies":[{"embeddable":true,"href":"http:\/\/www.tg-schoemberg.de\/fussball\/wp-json\/wp\/v2\/comments?post=173"}],"version-history":[{"count":15,"href":"http:\/\/www.tg-schoemberg.de\/fussball\/wp-json\/wp\/v2\/pages\/173\/revisions"}],"predecessor-version":[{"id":810,"href":"http:\/\/www.tg-schoemberg.de\/fussball\/wp-json\/wp\/v2\/pages\/173\/revisions\/810"}],"up":[{"embeddable":true,"href":"http:\/\/www.tg-schoemberg.de\/fussball\/wp-json\/wp\/v2\/pages\/88"}],"wp:attachment":[{"href":"http:\/\/www.tg-schoemberg.de\/fussball\/wp-json\/wp\/v2\/media?parent=173"}],"curies":[{"name":"wp","href":"https:\/\/api.w.org\/{rel}","templated":true}]}}

<p><strong>U11/U10 E-Jugend</strong></p>
<p><strong>Heiß aufs kicken</strong></p>
<p>Bei den E-Junioren sind wir in der SGM so stark aufgestellt, dass wir hier zwei Mannschaften stellen können. Eine Mannschaft mit Spielern aus Dotternhausen und eine Mannschaft mit Spielern aus Schömberg. Unsere Jungs und Mädels brennen schon darauf, endlich loslegen zu können. Hier ist viel Potential und lässt uns auf eine tolle Zukunft hoffen.</p>
<p><img decoding="async" loading="lazy" class="alignnone size-full wp-image-807" src="http://www.tg-schoemberg.de/fussball/wptg/wp-content/uploads/2024/03/E-Jugend-I-scaled.jpg" alt="" width="2560" height="1704" srcset="http://www.tg-schoemberg.de/fussball/wptg/wp-content/uploads/2024/03/E-Jugend-I-scaled.jpg 2560w, http://www.tg-schoemberg.de/fussball/wptg/wp-content/uploads/2024/03/E-Jugend-I-300x200.jpg 300w, http://www.tg-schoemberg.de/fussball/wptg/wp-content/uploads/2024/03/E-Jugend-I-1024x682.jpg 1024w, http://www.tg-schoemberg.de/fussball/wptg/wp-content/uploads/2024/03/E-Jugend-I-768x511.jpg 768w, http://www.tg-schoemberg.de/fussball/wptg/wp-content/uploads/2024/03/E-Jugend-I-1536x1022.jpg 1536w, http://www.tg-schoemberg.de/fussball/wptg/wp-content/uploads/2024/03/E-Jugend-I-2048x1363.jpg 2048w, http://www.tg-schoemberg.de/fussball/wptg/wp-content/uploads/2024/03/E-Jugend-I-600x400.jpg 600w" sizes="(max-width: 2560px) 100vw, 2560px" /></p>
<p>Hintere Reihe von links:</p>
<p>Mike Bechtold, Simon Conzelmann, Elias Groschupf, Joah Schmid, Simon Rohrmoser, Paul Schwenk, Ferdinand Effinger, Leon Koch, Trainer Markus Schwenk</p>
<p>Vordere Reihe von links:</p>
<p>Serafin Zweigart, Lino Koch, Max Neher, Nikolaos Kafetzis, Utku Saydam, Gabriel Zimbelmann, Umutcan Aytac, Edwin Bozic, Giray Özkan</p>

<p>U11/U10 E-Jugend Heiß aufs kicken Bei den E-Junioren sind wir in der SGM so stark aufgestellt, dass wir hier zwei Mannschaften stellen können. Eine Mannschaft mit Spielern aus Dotternhausen und eine Mannschaft mit Spielern aus Schömberg. Unsere Jungs und Mädels brennen schon darauf, endlich loslegen zu können. Hier ist viel Potential und lässt uns auf eine tolle Zukunft hoffen. Hintere Reihe von links: Mike Bechtold, Simon Conzelmann, Elias Groschupf, Joah Schmid, Simon Rohrmoser, Paul Schwenk, Ferdinand Effinger, Leon Koch, Trainer&hellip;</p>

<!-- This site is optimized with the Yoast SEO plugin v21.8.1 - https://yoast.com/wordpress/plugins/seo/ -->
<title>U11/U10 E-Junioren - TG Schömberg Abt. Fussball</title>
<meta name="robots" content="index, follow, max-snippet:-1, max-image-preview:large, max-video-preview:-1" />
<link rel="canonical" href="http://www.tg-schoemberg.de/fussball/jugend/e-junioren/" />
<meta property="og:locale" content="de_DE" />
<meta property="og:type" content="article" />
<meta property="og:title" content="U11/U10 E-Junioren - TG Schömberg Abt. Fussball" />
<meta property="og:description" content="U11/U10 E-Jugend Heiß aufs kicken Bei den E-Junioren sind wir in der SGM so stark aufgestellt, dass wir hier zwei Mannschaften stellen können. Eine Mannschaft mit Spielern aus Dotternhausen und eine Mannschaft mit Spielern aus Schömberg. Unsere Jungs und Mädels brennen schon darauf, endlich loslegen zu können. Hier ist viel Potential und lässt uns auf eine tolle Zukunft hoffen. Hintere Reihe von links: Mike Bechtold, Simon Conzelmann, Elias Groschupf, Joah Schmid, Simon Rohrmoser, Paul Schwenk, Ferdinand Effinger, Leon Koch, Trainer&hellip;" />
<meta property="og:url" content="http://www.tg-schoemberg.de/fussball/jugend/e-junioren/" />
<meta property="og:site_name" content="TG Schömberg Abt. Fussball" />
<meta property="article:modified_time" content="2024-03-26T18:39:28+00:00" />
<meta property="og:image" content="http://www.tg-schoemberg.de/fussball/wptg/wp-content/uploads/2024/03/E-Jugend-I-scaled.jpg" />
<meta name="twitter:card" content="summary_large_image" />
<meta name="twitter:label1" content="Geschätzte Lesezeit" />
	<meta name="twitter:data1" content="1 Minute" />
<script type="application/ld+json" class="yoast-schema-graph">{"@context":"https://schema.org","@graph":[{"@type":"WebPage","@id":"http://www.tg-schoemberg.de/fussball/jugend/e-junioren/","url":"http://www.tg-schoemberg.de/fussball/jugend/e-junioren/","name":"U11/U10 E-Junioren - TG Schömberg Abt. Fussball","isPartOf":{"@id":"http://www.tg-schoemberg.de/fussball/#website"},"datePublished":"2018-11-10T12:47:38+00:00","dateModified":"2024-03-26T18:39:28+00:00","breadcrumb":{"@id":"http://www.tg-schoemberg.de/fussball/jugend/e-junioren/#breadcrumb"},"inLanguage":"de","potentialAction":[{"@type":"ReadAction","target":["http://www.tg-schoemberg.de/fussball/jugend/e-junioren/"]}]},{"@type":"BreadcrumbList","@id":"http://www.tg-schoemberg.de/fussball/jugend/e-junioren/#breadcrumb","itemListElement":[{"@type":"ListItem","position":1,"name":"Startseite","item":"http://www.tg-schoemberg.de/fussball/"},{"@type":"ListItem","position":2,"name":"Jugend","item":"http://www.tg-schoemberg.de/fussball/jugend/"},{"@type":"ListItem","position":3,"name":"U11/U10 E-Junioren"}]},{"@type":"WebSite","@id":"http://www.tg-schoemberg.de/fussball/#website","url":"http://www.tg-schoemberg.de/fussball/","name":"TG Schömberg Abt. Fussball","description":"","potentialAction":[{"@type":"SearchAction","target":{"@type":"EntryPoint","urlTemplate":"http://www.tg-schoemberg.de/fussball/?s={search_term_string}"},"query-input":"required name=search_term_string"}],"inLanguage":"de"}]}</script>
<!-- / Yoast SEO plugin. -->

U11/U10 E-Junioren - TG Schömberg Abt. Fussball

U11/U10 E-Jugend Heiß aufs kicken Bei den E-Junioren sind wir in der SGM so stark aufgestellt, dass wir hier zwei Mannschaften stellen können. Eine Mannschaft mit Spielern aus Dotternhausen und eine Mannschaft mit Spielern aus Schömberg. Unsere Jungs und Mädels brennen schon darauf, endlich loslegen zu können. Hier ist viel Potential und lässt uns auf eine tolle Zukunft hoffen. Hintere Reihe von links: Mike Bechtold, Simon Conzelmann, Elias Groschupf, Joah Schmid, Simon Rohrmoser, Paul Schwenk, Ferdinand Effinger, Leon Koch, Trainer&hellip;

TG Schömberg Abt. Fussball
